uppose 5*l - 3 = 7. Suppose 3*w + l = -7. What is q(w)?
1
Let n be (2/3)/((-10)/15). Let j(q) = 15*q**2 - 85*q + 85. Let g(t) = t**2 - 6*t + 6. Let o(x) = -85*g(x) + 6*j(x). Determine o(n).
5
Suppose 3*o - 29 = -2*q - 0*o, -3*q + 26 = o. Let x(a) = 2*a. Calculate x(q).
14
Let r(t) = 5*t**2 + 66*t - 62. Let p be r(-14). Let i(c) = -3*c - 10. Calculate i(p).
8
Let c(j) = -j**3 - j**2 - j. Let q(x) = -5*x**3 - 8*x**2 - x + 3. Let h(k) = -4*c(k) + q(k). Give h(-3).
-15
Let d(a) = -a**3 - 22*a**2 - 21*a - 3. Let y be d(-21). Let v(z) be the second derivative of z**3/3 + z**2/2 + 34*z. What is v(y)?
-5
Let p = 603 + -609. Let s(v) = -6*v + 2. What is s(p)?
38
Suppose -109*q + 103*q = -12. Let g(k) = -k**2 + 2. Give g(q).
-2
Let y(f) = 4*f + 11. Let c(d) = 9*d + 23. Let u(q) = -6*c(q) + 13*y(q). Calculate u(10).
-15
Let h(q) = -15*q**2 + q. Let s(p) = -4 - 36*p + 37*p + 3 - 2. Let x be s(4). Determine h(x).
-14
Suppose -6*m = m + 14. Let q(v) = -13*v + 1. Calculate q(m).
27
Let d(f) = 2*f**2 + 17*f + 8. Suppose 0 = -0*c - 4*c - 4*l - 56, -c + 3*l + 2 = 0. Calculate d(c).
38
Let d(a) = 2*a + 5 - 4 - 7 + 6 - 1. Determine d(-4).
-9
Let u(c) = 116*c - 71. Let b(o) = 22*o - 14. Let h(g) = 11*b(g) - 2*u(g). Give h(6).
48
Let z(m) = -8*m + 143*m**2 - 258*m**2 + 116*m**2 + 9. Calculate z(3).
-6
Let w(p) be the third derivative of -p**5/60 + 7*p**4/24 + p**3/3 + 6*p**2. Let b be 9/2*(-64)/(-48). Give w(b).
8
Let b(l) be the first derivative of l**4/3 + l**3/3 - l**2 + 34*l + 32. Let r(o) be the first derivative of b(o). Give r(-2).
10
Let l(a) = a**2 - 8*a - 31. Let g be l(11). Let k(w) = -w**3 - 2*w**2 + 2*w + 2. Give k(g).
-10
Suppose -63*c + 1103 = -283. Let d be 201/(-12) - (-2)/(-8). Let s = c + d. Let r(b) = -b + 2. What is r(s)?
-3
Let o = 6 - -2. Let u(f) = f**3 - 6*f**2 - 14*f - 11. Let d be u(o). Let a(g) = -g**3 + 6*g**2 - 4*g + 1. Determine a(d).
6
Suppose 12*a = 23*a + 22. Let t(i) = -3*i**3 - i**2 + 3*i + 1. Give t(a).
15
Let o(p) = -7 + 0*p**2 - p**2 + 123*p - 62*p - 71*p. Calculate o(-9).
2
Let z(x) be the second derivative of x**3 + 7*x**2/2 + 3*x. Let r(l) = -l. Let k(o) = 5*r(o) + z(o). Calculate k(5).
12
Suppose -5*f + 3 = 4*c, -3*c + 11 - 1 = -4*f. Let k(a) = 7*a - 46 + a**c + 46. Calculate k(-7).
0
Let w(v) be the first derivative of v**3/3 + 3*v**2 + 4*v - 25. Let x = 1 - -1. Let o = -7 + x. Determine w(o).
-1
Suppose g = -5*v + 11 - 4, -v + 4*g = -14. Let p(q) = -q - 2. Determine p(v).
-4
Let v(b) = -b + 20. Let n = 674 + -664. Calculate v(n).
10
Let o(u) = 2*u**2 + 47*u - 77. Let t be o(-25). Let f(c) = 5*c + 1. What is f(t)?
-9
Let v be (-7)/(-14)*(2 + 0). Let i be v/(-5) - (-187)/85. Suppose i*j = -12 + 4. Let n(u) = u**3 + 3*u**2 - 6*u - 6. What is n(j)?
2
Let z be (-6 + 13 - 2)/(-1). Let a(l) = l + 9. What is a(z)?
4
Let l(p) = p**2 - 8*p + 14. Let v be l(6). Suppose -24 = -u - 3*u. Let b(g) = u + 4 - 10 - g. What is b(v)?
-2
Let q(b) = b - 9. Let h be q(16). Let f(k) = -3 + 8*k - k**2 - 1 - 2 + 1. Calculate f(h).
2
Suppose -3*z = 2*x - 6*x - 5, 0 = -z - 2*x - 5. Let j(d) = 7*d + 1. What is j(z)?
-6
Suppose -5*p + 14 = -6. Let s(x) = 1 + 1 + 3*x**2 + 577*x**3 + 2*x - 578*x**3 + 2*x. Determine s(p).
2
Let k be (54 + -51)/((-2)/8 - -1). Suppose 4*d - 13 = -5*u, 3*d + 4*u = 1 + 9. Let i(o) = o**2 + 5*o - k*o + d*o + 6 - 4. What is i(-4)?
6
Suppose -k + 6 = -0. Suppose -g - 4*i + 11 = 0, -17 = -5*g - 4*i + k. Suppose -5*f + g*f + 14 = 0. Let x(y) = y - 3. Give x(f).
4
Let q(x) = -6*x**2 + 4*x - 2. Let z(o) = 13*o - 2. Let y be z(0). Let f be 1 + 1 + (-1 - (y + 1)). Determine q(f).
-18
Suppose 0 = m - 5*m + 16. Suppose 3*s = -2*q + 37, m*s + s = 5*q - 55. Let v(h) = -3*h - q + h + 3*h + 18. What is v(-4)?
0
Let k be (-4)/(4/(-12)*-2). Let g(x) = -x**2 - 8*x - 6. Determine g(k).
6
Let t(m) = 3*m**2 + 6*m + 10. Let l(f) = 6*f**2 + 11*f + 20. Let h(s) = -3*l(s) + 5*t(s). Let a(y) be the first derivative of h(y). What is a(-3)?
15
Suppose 93 = -16*m - 3. Let a(g) be the first derivative of -g**4/4 - 7*g**3/3 - 2*g**2 + 5*g + 1. Calculate a(m).
-7
Suppose -8*s = -17 + 1. Suppose 5*x = -3*j + 20, -3*j + 8 = -5*x - s. Let p(q) = -q**3 + 5*q**2 + 2*q. Give p(j).
10
Suppose -7*h - 32 + 74 = 0. Let l(t) = 2*t + 6. Give l(h).
18
Let v(b) = -94*b**2 - 5*b + 101*b**2 - 50*b**3 + 51*b**3. Give v(-8).
-24
Let g(r) be the second derivative of r**3/6 + 2*r**2 - 6*r. Let c(v) = 3*v + 13. Let b be c(-6). Let x be g(b). Let j(s) = -5*s**2. Calculate j(x).
-5
Let t(y) = y**3 + 4*y**2 - 7*y + 6. Let j = -1078 + 1072. Determine t(j).
-24
Let q(k) = k**3 - 14*k**2 - 26*k - 4. Let o be q(16). Let n = 95 - o. Let j(v) = -v**3 + 3*v**2 + v - 3. Calculate j(n).
0
Let j = -3094 - -3090. Let k(y) be the third derivative of -y**5/60 - 5*y**4/24 - y**2. What is k(j)?
4
Suppose 2*n - 6*n = -8. Suppose 4*g = -0*g + 2*l - 8, n*g + 2*l = 8. Let d(y) = 0*y + g*y - 4 + 3*y. Give d(3).
5
Let v(d) = d + 10. Suppose 7*k = -27 + 90. Give v(k).
19
Let n = 47 - 26. Let c = n + -18. Let m(j) = -j**3 + 2*j**2 - j - 1. Determine m(c).
-13
Let m(z) = 3*z**3 - 9*z**2 + 20*z - 20. Let s(a) = a**3 - 5*a**2 + 10*a - 10. Let w(p) = -2*m(p) + 5*s(p). Give w(-8).
-26
Let t(v) be the first derivative of 10 + 5*v + 0*v**2 + 1/3*v**3. What is t(0)?
5
Let v(d) = -2*d**2 - 4*d + 3. Suppose 4*s = -5*m - 0*m - 143, 4*s + 50 = -2*m. Let o = 27 + m. What is v(o)?
-13
Let y(s) = -4*s**2 - 2*s + 6. Suppose -47*i = -16*i. Calculate y(i).
6
Let k(i) be the second derivative of i**5/20 + 5*i**4/12 + 5*i**3/6 + i**2/2 - 14*i. Suppose -50 = 7*p - 2*p. Let l be -5*(2/p + 1). What is k(l)?
-3
Let k(f) be the second derivative of -7/6*f**3 - 1/12*f**4 - 21*f - 1/2*f**2 + 0. Give k(-6).
5
Let u(q) = 8*q - 4 - 7*q - q + q. Suppose 0 = -3*t + 7*t - 8. Suppose -m + 4*h - 2 = -3*m, t*m - 10 = 4*h. Determine u(m).
-1
Let o(w) = -w**2 + 13*w + 12. Let y be o(15). Let v = y + 18. Let n(t) = -t**3 - t**2 - t + 5. Determine n(v).
5
Suppose -5*f + 29 = 44, 3*r + 4*f + 6 = 0. Let q(b) = 5. Let c(o) = o + 6. Let m(k) = 4*c(k) - 5*q(k). Calculate m(r).
7
Let x(f) = -3 + 1 + f**3 - 8*f**2 + 3*f + 13*f**2. Let p = -33 - -30. Calculate x(p).
7
Let s(x) = 2*x**3 + x**2 + 1. Let m(a) = -3*a**3 - 7*a**2 + a - 4. Let c(l) = -m(l) - 2*s(l). Suppose -2*g + v + 0*v = -13, 9 = -3*v. Calculate c(g).
-3
Let x(a) = -2*a**2 + 3 + 5*a - 3*a - 2*a**3 + 13*a**3 - 4. Suppose 0 = -5*g + u + 4, -10*u + 6 = 4*g - 8*u. Give x(g).
10
Let m(d) = -6*d - 4*d**2 - d**3 + 2*d**2 - 3*d**2 + 2*d**3. Let k(p) = 9*p - 6 - 3*p - 2*p. Let l be k(3). What is m(l)?
0
Let x(b) = -5*b**2 - 8 - 6*b**2 + 2*b**2 + 8*b**2. Calculate x(0).
-8
Let a(w) = w**3 - w**2 - 11*w + 21. Let q be a(2). Let v(i) = 2*i + 3. Give v(q).
9
Let f(h) = -2 - 5 - h**2 - 40*h**3 + 5 - 1 + 4 + h. Calculate f(-1).
39
Let d(j) = 2*j + 4. Let r(f) = 5*f + 11. Let k(q) = -11*d(q) + 4*r(q). Let s be 2/(-3)*-2*3. What is k(s)?
-8
Let b(d) = -d + 2. Suppose -6 = 2*v + 3*r - r, 3*r + 13 = -5*v. Calculate b(v).
4
Let q(c) = -2*c + 1. Let a(z) = -28*z**3 - z**2 - z. Let v be a(-1). Let x = 25 - v. What is q(x)?
7
Suppose 17 - 12 = 5*d. Let g(m) = -m**2 - 5*m + 1. Let o be g(-5). Let q = d + o. Let z(l) = l**3 - l**2 - 2*l + 1. Calculate z(q).
1
Let z(y) = -26*y**3 - 2*y**2 + 2*y - 1. Suppose 6*i = 115 - 109. Give z(i).
-27
Let a = -1101 + 1103. Let h(t) be the second derivative of 8*t - 1/3*t**3 + 0 - a*t**2. Determine h(-5).
6
Let v(a) = -5*a**2 + a**2 + 2*a**2 + 16*a + a**2 + 19. Determine v(17).
2
Suppose 0 = -5*h + g + 21, -5*h + 6 = g - 13. Let r be 3/(-2) + 34/h. Let f(c) = -4 + r*c + 1 + 2. Give f(1).
6
Let p(s) = -s**2 + 13*s - 34. Let l be p(9). Let j(y) = -8*y**2 - 2*y - 1. Determine j(l).
-37
Suppose 0 = 2*b - 5*b. Let y(u) = -11 + 10 + b*u + 6*u. Give y(2).
11
Let u(j) = 3*j**2 + 3*j + 3. Let a be u(-1). Let q(i) = -2*i + 1. Let m be q(-1). Let k(y) = -3 + y**2 - m*y**2 - 4*y**a + 2*y**3 + y**3. What is k(-3)?
6
Let z(u) = 95*u**2 + 101*u**2 - 292*u**2 - 4*u + 97*u**2. Suppose -113 = 4*l - 17. Let b be l/(-4) - (0 - -2). Calculate z(b).
0
Let a(u) = u**2 + 7*u + 2. Let h(j) = j**2 + 8*j - 9. Let b be h(-9). Suppose 5*p + 2*d = -0*d - 30, 2*d = b. Determine a(p).
-4
Let o(w) be the second derivative of -5*w**3/2 - 80*w. Give o(1).
-15
Let t(y) = 167*y + 4 - 63*y - 62*y - 58*y + 1